{"id":2,"date":"2015-07-18T10:01:13","date_gmt":"2015-07-18T08:01:13","guid":{"rendered":"http:\/\/test.kfz-filzmoser.at\/?page_id=2"},"modified":"2026-03-13T14:38:38","modified_gmt":"2026-03-13T13:38:38","slug":"beispiel-seite","status":"publish","type":"page","link":"https:\/\/kfz-filzmoser.at\/","title":{"rendered":"\u00dcbersicht"},"content":{"rendered":"<p style=\"text-align: center;\"><span style=\"color: #6b6b70;\"><span style=\"color: #6b6b70;\">Uns<\/span><\/span><span style=\"color: #6b6b70;\"><span style=\"color: #6b6b70;\">er Betrieb b<\/span><span style=\"color: #6b6b70;\">ietet Verkauf, Service und Reparatur im <strong>Forst- und Gartenbereich<\/strong> an.<\/span><\/span><\/p>\n<p style=\"text-align: center;\"><span style=\"color: #6b6b70;\">Weiteres sind wir St\u00fctzpunkth\u00e4ndler der Marken HUSQVARNA, AEBI, STEYR, LEMA und ALKO&nbsp;und betreuen Sie auch auf diesem Sektor gerne mit <strong>Service, Reparatur und Ersatzteilbedarf. <\/strong><\/span><\/p>\n<p style=\"text-align: center;\"><span style=\"color: #6b6b70;\">Als Partnerh\u00e4ndler der Firma Unterreiner&nbsp;ist es uns m\u00f6glich Forstger\u00e4te aller Art anbieten zu k\u00f6nnen.<\/span><\/p>\n<p><a href=\"https:\/\/www.husqvarna.com\/at\/\" target=\"_blank\" rel=\"noopener noreferrer\"><img decoding=\"async\" loading=\"lazy\" class=\"alignleft wp-image-568\" src=\"https:\/\/kfz-filzmoser.at\/wp-content\/uploads\/2018\/12\/HUS-Lose.png\" alt=\"\" width=\"151\" height=\"27\" srcset=\"https:\/\/kfz-filzmoser.at\/wp-content\/uploads\/2018\/12\/HUS-Lose.png 1549w, https:\/\/kfz-filzmoser.at\/wp-content\/uploads\/2018\/12\/HUS-Lose-300x54.png 300w, https:\/\/kfz-filzmoser.at\/wp-content\/uploads\/2018\/12\/HUS-Lose-768x139.png 768w, https:\/\/kfz-filzmoser.at\/wp-content\/uploads\/2018\/12\/HUS-Lose-1024x186.png 1024w, https:\/\/kfz-filzmoser.at\/wp-content\/uploads\/2018\/12\/HUS-Lose-945x171.png 945w, https:\/\/kfz-filzmoser.at\/wp-content\/uploads\/2018\/12\/HUS-Lose-600x109.png 600w\" sizes=\"(max-width: 151px) 100vw, 151px\" \/><\/a><a href=\"https:\/\/www.aebi-schmidt.at\/de\/produkte-nach-marke\/aebi\" target=\"_blank\" rel=\"noopener noreferrer\"><img decoding=\"async\" loading=\"lazy\" class=\"alignleft wp-image-569\" src=\"https:\/\/kfz-filzmoser.at\/wp-content\/uploads\/2018\/12\/Logos_AEBI_Group.png\" alt=\"\" width=\"90\" height=\"35\" srcset=\"https:\/\/kfz-filzmoser.at\/wp-content\/uploads\/2018\/12\/Logos_AEBI_Group.png 360w, https:\/\/kfz-filzmoser.at\/wp-content\/uploads\/2018\/12\/Logos_AEBI_Group-300x115.png 300w\" sizes=\"(max-width: 90px) 100vw, 90px\" \/><\/a><a href=\"https:\/\/www.steyr-traktoren.com\/de-at\/landwirtschaft\" target=\"_blank\" rel=\"noopener noreferrer\"><img decoding=\"async\" loading=\"lazy\" class=\"alignleft wp-image-570\" src=\"https:\/\/kfz-filzmoser.at\/wp-content\/uploads\/2018\/12\/steyr-logo-lose-2.png\" alt=\"\" width=\"168\" height=\"35\" srcset=\"https:\/\/kfz-filzmoser.at\/wp-content\/uploads\/2018\/12\/steyr-logo-lose-2.png 1544w, https:\/\/kfz-filzmoser.at\/wp-content\/uploads\/2018\/12\/steyr-logo-lose-2-300x62.png 300w, https:\/\/kfz-filzmoser.at\/wp-content\/uploads\/2018\/12\/steyr-logo-lose-2-768x159.png 768w, https:\/\/kfz-filzmoser.at\/wp-content\/uploads\/2018\/12\/steyr-logo-lose-2-1024x212.png 1024w, https:\/\/kfz-filzmoser.at\/wp-content\/uploads\/2018\/12\/steyr-logo-lose-2-945x196.png 945w, https:\/\/kfz-filzmoser.at\/wp-content\/uploads\/2018\/12\/steyr-logo-lose-2-600x124.png 600w\" sizes=\"(max-width: 168px) 100vw, 168px\" \/><\/a><a href=\"https:\/\/www.lema.at\/?gclid=Cj0KCQiA3b3gBRDAARIsAL6D-N8DDPNcjBcaT8M4Nzz_aDoh9qCJs8Fx9uqiBhJYEhWpUBV5n5BMBi4aAsPBEALw_wcB\" target=\"_blank\" rel=\"noopener noreferrer\"><img decoding=\"async\" loading=\"lazy\" class=\"alignleft wp-image-571\" src=\"https:\/\/kfz-filzmoser.at\/wp-content\/uploads\/2018\/12\/LEMA-LOSE.png\" alt=\"\" width=\"113\" height=\"30\" srcset=\"https:\/\/kfz-filzmoser.at\/wp-content\/uploads\/2018\/12\/LEMA-LOSE.png 744w, https:\/\/kfz-filzmoser.at\/wp-content\/uploads\/2018\/12\/LEMA-LOSE-300x79.png 300w, https:\/\/kfz-filzmoser.at\/wp-content\/uploads\/2018\/12\/LEMA-LOSE-600x159.png 600w\" sizes=\"(max-width: 113px) 100vw, 113px\" \/><\/a>&nbsp; <a href=\"https:\/\/www.al-ko.com\/shop\/at\/?gclid=EAIaIQobChMIiPu8o8S-4gIVBqWaCh0hDQH2EAAYASAAEgKW1fD_BwE\"><img decoding=\"async\" loading=\"lazy\" class=\"wp-image-602 alignleft\" src=\"https:\/\/kfz-filzmoser.at\/wp-content\/uploads\/2019\/05\/AL-KO_.jpg\" alt=\"\" width=\"109\" height=\"32\" srcset=\"https:\/\/kfz-filzmoser.at\/wp-content\/uploads\/2019\/05\/AL-KO_.jpg 1100w, https:\/\/kfz-filzmoser.at\/wp-content\/uploads\/2019\/05\/AL-KO_-300x89.jpg 300w, https:\/\/kfz-filzmoser.at\/wp-content\/uploads\/2019\/05\/AL-KO_-768x227.jpg 768w, https:\/\/kfz-filzmoser.at\/wp-content\/uploads\/2019\/05\/AL-KO_-1024x303.jpg 1024w, https:\/\/kfz-filzmoser.at\/wp-content\/uploads\/2019\/05\/AL-KO_-945x279.jpg 945w, https:\/\/kfz-filzmoser.at\/wp-content\/uploads\/2019\/05\/AL-KO_-600x177.jpg 600w\" sizes=\"(max-width: 109px) 100vw, 109px\" \/><\/a><\/p>\n<hr>\n<p style=\"text-align: center;\"><span style=\"color: #6b6b70;\">Als Werkst\u00e4tte f\u00fcr <strong>KFZ und Landmaschinen<\/strong>, gleich welcher Marke, f\u00fchren wir auch <strong>Begutachtungen laut \u00a7 57a<\/strong> durch.<\/span><\/p>\n<p style=\"text-align: center;\"><span style=\"color: #6b6b70;\">Famili\u00e4res Klima sowie die <strong>freundliche und fachgerechte Betreuung<\/strong> unserer Kunden zeichnen unseren Betrieb aus. Wir freuen uns \u00fcber Ihren Besuch und werden sicher auch Ihren Anforderungen gerecht.<\/span><\/p>\n<p style=\"text-align: center;\">\n<p><img decoding=\"async\" loading=\"lazy\" class=\"size-full wp-image-928 aligncenter\" src=\"https:\/\/kfz-filzmoser.at\/wp-content\/uploads\/2023\/04\/RomanFilzmoser_Kopfzeile3.jpg\" alt=\"\" width=\"2480\" height=\"292\" srcset=\"https:\/\/kfz-filzmoser.at\/wp-content\/uploads\/2023\/04\/RomanFilzmoser_Kopfzeile3.jpg 2480w, https:\/\/kfz-filzmoser.at\/wp-content\/uploads\/2023\/04\/RomanFilzmoser_Kopfzeile3-300x35.jpg 300w, https:\/\/kfz-filzmoser.at\/wp-content\/uploads\/2023\/04\/RomanFilzmoser_Kopfzeile3-1024x121.jpg 1024w, https:\/\/kfz-filzmoser.at\/wp-content\/uploads\/2023\/04\/RomanFilzmoser_Kopfzeile3-768x90.jpg 768w, https:\/\/kfz-filzmoser.at\/wp-content\/uploads\/2023\/04\/RomanFilzmoser_Kopfzeile3-1536x181.jpg 1536w, https:\/\/kfz-filzmoser.at\/wp-content\/uploads\/2023\/04\/RomanFilzmoser_Kopfzeile3-2048x241.jpg 2048w, https:\/\/kfz-filzmoser.at\/wp-content\/uploads\/2023\/04\/RomanFilzmoser_Kopfzeile3-600x71.jpg 600w, https:\/\/kfz-filzmoser.at\/wp-content\/uploads\/2023\/04\/RomanFilzmoser_Kopfzeile3-945x111.jpg 945w\" sizes=\"(max-width: 2480px) 100vw, 2480px\" \/><\/p>\n<p style=\"text-align: center;\"><span style=\"color: #6b6b70;\"><strong>IHR TEAM FILZMOSER<\/strong><\/span><\/p>\n<div id=\"contentBox\">\n<div id=\"content\">\n<hr>\n<h2 style=\"text-align: center;\">&nbsp;<\/h2>\n<\/div>\n<\/div>\n","protected":false},"excerpt":{"rendered":"<p>Unser Betrieb bietet Verkauf, Service und Reparatur im Forst- und Gartenbereich an. Weiteres sind wir St\u00fctzpunkth\u00e4ndler der Marken HUSQVARNA, AEBI, STEYR, LEMA und ALKO&nbsp;und betreuen Sie auch auf diesem Sektor gerne mit Service, Reparatur und Ersatzteilbedarf. Als Partnerh\u00e4ndler der Firma&#8230; <a class=\"more-link\" href=\"https:\/\/kfz-filzmoser.at\/\">Weiterlesen &rarr;<\/a><\/p>\n","protected":false},"author":1,"featured_media":0,"parent":0,"menu_order":1,"comment_status":"closed","ping_status":"closed","template":"","meta":[],"_links":{"self":[{"href":"https:\/\/kfz-filzmoser.at\/index.php?rest_route=\/wp\/v2\/pages\/2"}],"collection":[{"href":"https:\/\/kfz-filzmoser.at\/index.php?rest_route=\/wp\/v2\/pages"}],"about":[{"href":"https:\/\/kfz-filzmoser.at\/index.php?rest_route=\/wp\/v2\/types\/page"}],"author":[{"embeddable":true,"href":"https:\/\/kfz-filzmoser.at\/index.php?rest_route=\/wp\/v2\/users\/1"}],"replies":[{"embeddable":true,"href":"https:\/\/kfz-filzmoser.at\/index.php?rest_route=%2Fwp%2Fv2%2Fcomments&post=2"}],"version-history":[{"count":153,"href":"https:\/\/kfz-filzmoser.at\/index.php?rest_route=\/wp\/v2\/pages\/2\/revisions"}],"predecessor-version":[{"id":1069,"href":"https:\/\/kfz-filzmoser.at\/index.php?rest_route=\/wp\/v2\/pages\/2\/revisions\/1069"}],"wp:attachment":[{"href":"https:\/\/kfz-filzmoser.at\/index.php?rest_route=%2Fwp%2Fv2%2Fmedia&parent=2"}],"curies":[{"name":"wp","href":"https:\/\/api.w.org\/{rel}","templated":true}]}}